 What is n(-103)?
-1
Let y(t) = -t**2 - 411*t + 1307. Determine y(3).
65
Let c(d) = d**3 + 826*d**2 - 38226*d - 2466. Determine c(44).
-90
Let i(s) = 2632*s - 447923. Give i(170).
-483
Let y(a) = 51*a**2 - 419*a + 213. Determine y(8).
125
Let h(w) = 15*w**2 - 566*w - 53. Determine h(39).
688
Let g(j) = 2*j**3 - 218*j**2 + 1960*j + 225. Give g(10).
25
Let b(w) = 9*w**2 + 2393*w + 26213. Give b(-11).
979
Let u(c) = c**3 - 249*c**2 - 6556*c + 1098. What is u(273)?
6
Let i(b) = b**3 + 102*b**2 + 694*b + 2. Calculate i(-8).
466
Let x(r) = -6937*r - 61660. What is x(-9)?
773
Let y(r) = -1119*r - 80. Determine y(0).
-80
Let u(p) = -p**3 - 68*p**2 + 1900*p + 2671. Determine u(-89).
-88
Let g(t) = 646247*t + 4523734. What is g(-7)?
5
Let o(m) = m**2 - 1074*m + 235156. What is o(307)?
-313
Let c(f) = 4*f**2 - 171*f + 3910. Give c(38).
3188
Let k(b) = -386*b - 84826. Give k(-220).
94
Let q(z) = -94*z**3 - z**2 - 55*z - 115. Determine q(-2).
743
Let s(m) = -5354*m - 294738. Determine s(-55).
-268
Let j(d) = 26492*d + 238406. Give j(-9).
-22
Let j(r) = 1355*r + 22724. What is j(-16)?
1044
Let g(w) = w**2 + 5921*w - 244497. Give g(41).
-55
Let a(t) = 24*t**3 + 92*t**2 + 48*t + 206. Determine a(-4).
-50
Let t(b) = -b**3 + 14*b**2 - 57*b + 133. Determine t(8).
61
Let y(l) = 2976*l + 14377. What is y(-5)?
-503
Let n(s) = -14817*s + 592670. What is n(40)?
-10
Let h(l) = 512*l + 160752. Give h(-314).
-16
Let b(k) = k**3 + 16*k**2 - 14375*k - 229726. What is b(-16)?
274
Let z(g) = -2*g**3 - 461*g**2 + 2611*g + 3151. Give z(-236).
-389
Let a(h) = -2*h**3 - 35*h**2 - 365*h - 6253. Calculate a(-17).
-337
Let a(t) = -t**2 + 340*t - 4152. Calculate a(12).
-216
Let q(d) = -543*d**2 - 21726*d - 57. Determine q(-40).
183
Let k(d) = 2*d**2 - 271*d + 10311. Calculate k(54).
1509
Let b(x) = -x**3 + 6*x**2 + 8*x - 4. Determine b(7).
3
Let y(c) = -756*c - 3364. Determine y(-2).
-1852
Let z(o) = o**3 - 10*o**2 + 638*o - 5649. Give z(9).
12
Let r(i) = -i**3 + 22*i**2 - 517*i + 9485. Give r(20).
-55
Let d(h) = -5033*h - 122104. Give d(-24).
-1312
Let l(j) = 347*j**2 - 77*j - 15. Calculate l(4).
5229
Let g(l) = -22*l**2 - 5176*l - 266786. Determine g(-159).
16
Let a(p) = -2*p**3 + p**2 + 376*p + 2247. Determine a(-10).
587
Let y(p) = 5*p**2 + 3871*p + 657977. Give y(-252).
5
Let a(s) = -1647*s + 10379. Calculate a(6).
497
Let g(a) = 4*a**2 + 199*a - 142. What is g(-56)?
1258
Let b(f) = -45*f - 8993. Determine b(-203).
142
Let o(l) = -77*l**2 - 80*l + 9. Give o(-4).
-903
Let f(i) = 3136*i - 112903. Calculate f(36).
-7
Let o(k) = k**3 + k**2 + 791*k + 52. Calculate o(0).
52
Let y(o) = -o**3 + 135*o**2 - 140*o - 310. Determine y(134).
-1114
Let b(q) = q**2 - 1886*q + 839522. Determine b(720).
2
Let o(w) = -1147*w + 57336. Calculate o(50).
-14
Let l(t) = -5*t**3 - 7*t**2 + 12*t + 12. Give l(-5).
402
Let l(s) = 8*s**2 - 1867*s - 8788. What is l(238)?
18
Let h(c) = c**3 + 20*c**2 - 368*c - 834. What is h(-31)?
3
Let w(s) = 9902*s - 3148816. What is w(318)?
20
Let t(g) = 4*g**3 + 5*g**2 + 8*g - 31. Determine t(5).
634
Let v(o) = 4*o**3 - 672*o**2 - 20187*o + 2142. What is v(194)?
8
Let p(g) = -32*g**2 - 498*g - 1307. Calculate p(-12).
61
Let b(s) = 17*s**2 - 829*s + 4329. What is b(43)?
115
Let m(o) = 908631*o - 2725889. Determine m(3).
4
Let o(f) = -1283*f - 159149. Determine o(-124).
-57
Let k(g) = 56*g**3 - 4424*g**2 + 134*g - 10555. What is k(79)?
31
Let t(v) = 204*v**2 - 4880*v + 8608. Give t(22).
-16
Let o(c) = 352*c**2 - 3856*c - 131. Determine o(11).
45
Let j(z) = 332722*z + 1996325. Calculate j(-6).
-7
Let u(g) = 110*g - 16081. Determine u(120).
-2881
Let w(l) = 24*l**3 + 51*l**2 + 120*l + 68. Calculate w(-1).
-25
Let r(g) = g**3 + 22*g**2 + 147*g + 621. Determine r(-8).
341
Let o(v) = 134*v**3 - 534*v**2 - 16*v + 36. Give o(4).
4
Let s(p) = 6*p**3 - 26*p**2 + 2018*p - 10195. What is s(5)?
-5
Let y(f) = 2*f**2 + 13501*f + 121410. Determine y(-9).
63
Let o(b) = 3*b**3 + 1638*b**2 + 1619*b - 8715. Give o(-545).
5
Let j(x) = 4*x**3 - 90*x**2 + 483*x - 494. Give j(15).
1
Let r(c) = -2647*c**2 + 42349*c + 75. What is r(16)?
27
Let f(a) = -4*a**2 + 249*a + 16956. Give f(103).
167
Let h(d) = -2539*d + 50644. Give h(20).
-136
Let k(v) = -860*v - 284715. Calculate k(-331).
-55
Let y(b) = -1145*b - 16065. Give y(-14).
-35
Let d(c) = -2*c**3 - 695*c**2 - 6102*c - 87. Calculate d(-9).
-6
Let f(q) = 2*q**3 + 15*q**2 + 141*q + 26. What is f(-9)?
-1486
Let d(w) = 242*w - 41120. Determine d(169).
-222
Let n(k) = -k**3 + 23*k**2 + 4551*k - 108680. Determine n(24).
-32
Let o(n) = -2*n**3 + 69*n**2 - 4*n + 372. Give o(34).
1392
Let z(t) = 10*t**2 + 469*t - 604. Determine z(-48).
-76
Let s(c) = 7*c**3 + 1891*c**2 + 293*c + 6207. Determine s(-270).
-3
Let d(a) = -a**3 + 455*a**2 - 1942*a + 62259. Calculate d(451).
21
Let s(o) = o**3 - 25*o**2 + 190*o - 448. Give s(10).
-48
Let y(j) = 2*j**2 + 497*j - 15565. Give y(28).
-81
Let j(x) = x**3 - 464*x**2 + 12173*x + 15263. Calculate j(436).
3
Let j(f) = 185*f + 28180. What is j(-154)?
-310
Let s(y) = -15*y**3 + 16*y**2 - 37*y - 31. Determine s(-3).
629
Let v(c) = -59*c**3 - 10674*c**2 + 1028*c + 22258. Give v(-181).
-5
Let x(y) = 7*y**3 + 225*y**2 + 16*y + 95. Calculate x(-32).
607
Let j(n) = -250805*n + 1003217. Give j(4).
-3
Let i(h) = h**3 + 42*h**2 + 14519*h + 593627. Determine i(-41).
29
Let y(k) = 884*k - 55. Determine y(0).
-55
Let a(y) = 141896*y - 6243399. Determine a(44).
25
Let x(w) = -w**2 + 26*w + 1889. Calculate x(-33).
-58
Let m(p) = -p**3 + 108*p**2 - 513*p - 328. Give m(103).
-122
Let q(d) = -4*d**3 + 35*d**2 - 94*d + 50. Determine q(5).
-45
Let u(b) = -177253*b - 1063517. Give u(-6).
1
Let w(o) = 3*o**2 - 19275*o + 96360. Determine w(5).
60
Let f(a) = -50*a + 2905. What is f(73)?
-745
Let p(i) = -5*i**3 + 84*i**2 - 62*i - 30. What is p(16)?
2
Let x(t) = -18*t**3 + 1602*t**2 + 7*t - 631. What is x(89)?
-8
Let j(y) = y**2 - 123*y + 269. Calculate j(2).
27
Let b(l) = 3910*l + 199443. Determine b(-51).
33
Let m(h) = -161781*h - 2264940. Give m(-14).
-6
Let c(r) = 13117*r - 1364099. Determine c(104).
69
Let c(a) = a**2 - 40821*a - 4502416. Give c(-110).
-6
Let q(j) = -139*j - 9966. Calculate q(-78).
876
Let r(c) = c**2 + 1048*c + 25536. Give r(-25).
-39
Let q(f) = f**3 - 12*f**2 - 1541*f + 11041. Determine q(7).
9
Let b(w) = w**2 - 103251*w + 10624250. What is b(103)?
6
Let r(a) = -3961*a - 1350706. Give r(-341).
-5
Let x(t) = -t**3 + 9*t**2 + 136*t - 144. Give x(16).
240
Let w(s) = -35*s**2 - 1458*s + 474. Determine w(-41).
1417
Let y(m) = m**2 + 224*m - 9325. Give y(36).
35
Let o(z) = 3*z**2 - 364*z + 7521. What is o(94)?
-187
Let p(w) = -65241*w - 25443994. What is p(-390)?
-4
Let n(x) = -426*x**3 - 6838*x**2 - 350*x + 60. Determine n(-16).
28
Let f(o) = 63*o**2 + 1429*o + 3380. Calculate f(-20).
0
Let y(v) = 11*v**2 + 131*v - 1268. What is y(8)?
484
Let m(f) = -193*f - 2882. Calculate m(-15).
13
Let t(n) = -3*n**2 - 1273*n + 43800. What is t(32)?
-8
Let b(a) = -2926*a + 210740. Give b(72).
68
Let s(l) = -l**2 - 284*l - 7957. Calculate s(-257).
-1018
Let p(w) = 15948*w + 366807. Give p(-23).
3
Let h(l) = 2*l**3 + 116*l**2 + 1174*l - 3. Give h(-14).
809
Let m(d) = -d**3 - 20*d**2 - 119*d - 448. Calculate m(-4).
-228
Let l(q) = -147*q - 439. Give l(-3).
2
Let g(n) = 2*n**2 + 3036*n + 782320. Give g(-329).
-42
Let t(y) = 2*y - 134. Determine t(82).
30
Let x(o) = 39974*o - 599566. Give x(15).
44
Let v(q) = -3366774*q + 70702248. What is v(21)?
-6
Let a(k) = k**3 - 712*k**2 + 14526*k - 184. Calculate a(21).
131
Let t(a) = -22482*a + 8880405. Give t(395).
15
Let d(y) = y**3 - 7*y**2 - 71*y + 615. Give d(9).
138
Let f(t) = 8*t**3 - 3*t**2 - 15*t + 22. Calculate f(3).
166
Let w(l) = 5*l**3 + 29*l**2 + 85*l - 68. Give w(-4).
-264
Let f(a) = -29*a**2 + 6*a + 22. Determine f(1).
-1
Let h(d) = 2*d**2 - 58*d - 5749. Give h(70).
-9
Let v(f) = -11*f**2 - 702*f + 1002. Give v(-65).
157
Let p(v) = -3157*v + 1117584. Determine p(354).
6
Let m(j) = -j**2 + 3376*j - 638206. Give m(201).
-31
Let l(d) = 2154*d - 3969. Give l(2).
339
Let m(k) = -26*k + 15010. Give m(576).
34
Let p(l) = -1148*l + 212406. Give p(185).
26
Let t(s) = -72*s - 46. What is t(-4)?
242
Let f(b) = b**3 - 36*b**2 - 105*b + 6668. Give f(33).
-64
Let j(q) = 2*q**3 - 51*q**2 + 212*q + 